 10, what is -5 + 557612?
557607
In base 4, what is 11302031313 - -11?
11302031330
In base 7, what is -2315 + -24312?
-26630
In base 10, what is -22991 - -15?
-22976
In base 4, what is 30120 - 3?
30111
In base 2, what is 101111100010110 + -1?
101111100010101
In base 9, what is -17 - -22762?
22744
In base 10, what is 4005 - 62?
3943
In base 16, what is -4aa - 2d?
-4d7
In base 16, what is 3 - -2450?
2453
In base 10, what is -2 + 88204?
88202
In base 11, what is 61 - 257?
-1a6
In base 4, what is -1011 - -110302?
103231
In base 7, what is -1102504 - 4?
-1102511
In base 6, what is 2 - -2135513?
2135515
In base 14, what is -a - 113?
-11d
In base 6, what is -145 + -25?
-214
In base 2, what is -1000110 + 101110111101?
101101110111
In base 3, what is -10212022100 - -121?
-10212021202
In base 3, what is 20222102102 + -2?
20222102100
In base 14, what is d7c5 + 0?
d7c5
In base 15, what is -187 - -74?
-113
In base 16, what is 9bb - cf?
8ec
In base 14, what is 5976 - -4?
597a
In base 6, what is -301003 + 1?
-301002
In base 10, what is 0 + 12107?
12107
In base 15, what is d + -a?
3
In base 6, what is 243 + 1102?
1345
In base 8, what is 3 - -35642?
35645
In base 2, what is -100101001000100110 + -10010?
-100101001000111000
In base 10, what is -43799 - -9?
-43790
In base 9, what is 24 + -2154?
-2130
In base 9, what is 5 - 21212?
-21206
In base 16, what is 4 + 60cce?
60cd2
In base 6, what is 2 - -230440?
230442
In base 11, what is 740 - -45a?
109a
In base 10, what is 15266 - -1?
15267
In base 7, what is 2 - 362644?
-362642
In base 5, what is 4 + 221320?
221324
In base 5, what is -24413 + -1433?
-31401
In base 12, what is -246 + -b7?
-341
In base 11, what is -a7a + -20?
-a9a
In base 9, what is -821 - -4?
-816
In base 2, what is -1111100001 + -1011011101?
-11010111110
In base 13, what is 1 - 1184?
-1183
In base 7, what is -101 + 3445?
3344
In base 13, what is 5 + -7547?
-7542
In base 9, what is 4 + -37545?
-37541
In base 4, what is -133221 - 2303?
-202130
In base 2, what is 101010000101011 + -1000?
101010000100011
In base 6, what is 12 + 32344231?
32344243
In base 3, what is -211 - 110110?
-111021
In base 3, what is -1012220 + 1110?
-1011110
In base 8, what is 4 - -265427?
265433
In base 13, what is 2 + -19ab6?
-19ab4
In base 3, what is 11012201002 - -10?
11012201012
In base 13, what is -388 + -5?
-390
In base 13, what is -1a - -1513?
14c6
In base 9, what is -605 - 16?
-622
In base 3, what is 1 - -21222111010?
21222111011
In base 4, what is 0 + 1003210?
1003210
In base 3, what is -22200120111211 - 11?
-22200120111222
In base 6, what is -501241 - 5?
-501250
In base 11, what is -810 + -906?
-1616
In base 4, what is 20033333 - -10?
20100003
In base 9, what is -115504 + 3?
-115501
In base 4, what is 200 + -120100133?
-120033333
In base 6, what is -1232 + -2010?
-3242
In base 9, what is -3335 + 7?
-3327
In base 5, what is 221 - 111124?
-110403
In base 10, what is -1 - -70660?
70659
In base 14, what is 51 - -ca1a?
ca6b
In base 4, what is 13303201 - -203?
13310010
In base 4, what is -11 + -2201113200?
-2201113211
In base 12, what is 1 + 99137?
99138
In base 3, what is 110121021 + 212?
110122010
In base 4, what is -13223021 + 123?
-13222232
In base 15, what is -acdd + -5?
-ace3
In base 11, what is 73848 + -3?
73845
In base 10, what is -902 - -706?
-196
In base 4, what is -2003 - -3233?
1230
In base 2, what is 1 - 111001100101110?
-111001100101101
In base 7, what is -3423405 - -4?
-3423401
In base 4, what is -20 - 2002032?
-2002112
In base 9, what is 1 + -50260?
-50258
In base 13, what is 2 + 7545?
7547
In base 4, what is -2331112 - -10?
-2331102
In base 13, what is -12654 + -14?
-12668
In base 8, what is -23257 - 24?
-23303
In base 12, what is 2379 - 1ba?
217b
In base 7, what is 10 - -446253?
446263
In base 3, what is -10120210220 - -2?
-10120210211
In base 2, what is 10 + -10110000101001010111?
-10110000101001010101
In base 11, what is -a8249 - -3?
-a8246
In base 6, what is -50 - 31515?
-32005
In base 12, what is -24794 - -5?
-2478b
In base 13, what is -228c - 16a?
-2429
In base 13, what is 190c + -b8?
1824
In base 8, what is 3 + 465155?
465160
In base 15, what is 5 - 76442?
-7643c
In base 13, what is 31 + -523a?
-5209
In base 16, what is -435d + 53?
-430a
In base 7, what is -10551 + -4420?
-15301
In base 2, what is 10 + 1010001000010?
1010001000100
In base 10, what is 1540 + -1188?
352
In base 8, what is 45616 - -5?
45623
In base 2, what is 1011111001110011 - 0?
1011111001110011
In base 6, what is 235 - -432?
1111
In base 3, what is -120100202210 - 2?
-120100202212
In base 13, what is 15c20 - -3?
15c23
In base 12, what is 1a307 + 16?
1a321
In base 6, what is -5 - 2042242?
-2042251
In base 8, what is 747 + 201?
1150
In base 11, what is a746 - -11?
a757
In base 3, what is 210122022 - 12?
210122010
In base 3, what is 111111 - 10102?
101002
In base 2, what is 1101 - -1010111000000?
1010111001101
In base 7, what is -6 + 23553?
23544
In base 16, what is e05 - 5?
e00
In base 7, what is 23345536 + -2?
23345534
In base 12, what is -619 + -28a3?
-3300
In base 9, what is 161 + -15854?
-15683
In base 9, what is -50 - -1600?
1540
In base 16, what is -18c - -51?
-13b
In base 3, what is 1 - -21102021111?
21102021112
In base 5, what is 1224214 + -20?
1224144
In base 2, what is 1110010000110 - 10000010101?
1100001110001
In base 15, what is 7 + 4750?
4757
In base 13, what is 24 + -27c3?
-279c
In base 6, what is 1111302 + 0?
1111302
In base 5, what is 22103 + 4432?
32040
In base 2, what is -1001 + -1010111010100000?
-1010111010101001
In base 14, what is -11b - 180?
-29b
In base 13, what is 0 + 24b55?
24b55
In base 11, what is -639 - 21?
-65a
In base 4, what is 11120231110 + 2?
11120231112
In base 5, what is -124002 - -43?
-123404
In base 14, what is -1 - 60580?
-60581
In base 14, what is 5 + 22908?
2290d
In base 15, what is -a3 + a5a?
9a7
In base 9, what is 6 - -7850?
7856
In base 16, what is 1 + 1073?
1074
In base 11, what is 12 + -1088?
-1076
In base 11, what is -12331 + 6?
-12326
In base 3, what is 11 - 1111011122?
-1111011111
In base 8, what is 6 - 166555?
-166547
In base 8, what is 10 + -36651?
-36641
In base 12, what is 16 + 403?
419
In base 10, what is 6372 - -73?
6445
In base 11, what is 400007 - 4?
400003
In base 2, what is -10011101100111 - 10011?
-10011101111010
In base 6, what is -4004103 + -4?
-4004111
In base 6, what is 25 + 4023?
4052
In base 11, what is 129 + 1024?
1152
In base 5, what is -303203 - 2442?
-311200
In base 12, what is -1b + 14b4?
1495
In base 4, what is -130 + 30233321?
30233131
In base 13, what is -23ab9 - -c?
-23aaa
In base 8, what is -51623341 - 1?
-51623342
In base 10, what is 2 - -919101?
919103
In base 8, what is 11 + -1063003?
-1062772
In base 9, what is -706 + -117?
-824
In base 15, what is 5a83b + -c?
5a82e
In base 16, what is 12f1 + 72?
1363
In base 3, what is 0 + -10102012011?
-10102012011
In base 14, what is 0 + -54d35?
-54d35
In base 5, what is 4 - -33443430?
33443434
In base 16, what is 2 + -4762?
-4760
In base 9, what is -543 - -157?
-375
In base 6, what is 4 - -55451?
55455
In base 11, what is 1 - a812?
-a811
In base 7, what is -2 - -221222?
221220
In base 14, what is 2 - -10223?
10225
In base 8, what is 5 - 54076?
-54071
In base 6, what is -53 - 522?
-1015
In base 13, what is -1 + 41bab?
41baa
In base 3, what is -2011011011 - -10?
-2011011001
In base 3, what is -222202 - 1121102?
-2121011
In base 8, what is -3 - 15044?
-15047
In base 2, what is -100110001 + -110000110?
-1010110111
In base 10, what is -1 - 173581?
-173582
In base 8, what is -14777533 + 1?
-14777532
In base 15, what is -7b93 + 0?
-7b93
In base 16, what is -5 - 1739?
-173e
In base 10, what is -3759 + 128?
-3631
In base 2, what is 100000110000001100 + 100?
100000110000010000
In base 14, what is -c4c5 - -25?
-c4a0
In base 10, what is 784 + -4?
780
In base 12, what is 54 + -2aa?
-256
In base 3, what is -211120 + -111200?
-1100020
In base 5, what is -14 - -1240001?
1234432
In base 9, what is 68 - 234?
-155
In base 3, what is 1021211000022 + 0?
1021211000022
In base 7, what is 31544 - -510?
32354
In base 10, what is 276 + -5360?
-5084
In base 4, what is -1 + -13013023?
-13013030
In base 16, what is 2ccc1 - -7?
2ccc8
In base 14, what is 5 - 439d?
-4398
In base 4, what is 10021102